3. Suppose 0 = -5*m - 4*x + v, -x - 64 = -3*m - 2*m. Let t(y) = y**3 + 11*y**2 + 8*y - 13. Calculate the remainder when m is divided by t(-10).
6
Let k = 28 - 18. Suppose -5*q = -4*d - 215, 0 = -2*q - 4*d + 8 + 50. Calculate the remainder when q is divided by k.
9
Suppose -7*a + 2*a = -15. Suppose -a = -4*s + 37. What is the remainder when 1*(-2)/(-6)*57 is divided by s?
9
Suppose 0*b + 5*g - 275 = 5*b, 0 = -2*b + g - 110. Let f = b + 93. Let z = 5 - -8. Calculate the remainder when f is divided by z.
12
Suppose -4*o + 2*t = -198, 3*o - 3*t + 79 = 5*o. What is the remainder when 140 is divided by o?
46
Calculate the remainder when 47 is divided by ((-4)/6)/((-12)/288).
15
Let c(n) = 19*n**2 - 4*n + 3. What is the remainder when c(2) is divided by 24?
23
Suppose 3*v + 5*x = -13, -5*x = -5*v - x + 3. What is the remainder when 61 is divided by 1 - -16 - (0 - v)?
13
Let r = -12 - -17. Let x = 8 - r. Calculate the remainder when (-6)/(-4)*(-14)/(-3) is divided by x.
1
Let j = -3 - -4. Let k be 1*(j + 1) + 0. Suppose -o - k*o = -87. Calculate the remainder when o is divided by 15.
14
Let f(i) = 3*i**2 - i + 3*i**2 + 1 + 0. Calculate the remainder when f(-3) is divided by 30.
28
Suppose 11 - 5 = -2*l. Let m be l + 2/3*9. Suppose -m*x - 10 = -2*c, 26 = 3*c + c - 3*x. Calculate the remainder when 29 is divided by c.
5
Let d(r) = -11*r**2 + 2*r + 1. Let w be d(-3). Let n = 167 + w. What is the remainder when n is divided by 16?
15
Suppose -3*l = 2*l - 60. Suppose -l = -2*o + 12. Calculate the remainder when o is divided by 7.
5
Let c = 7 + 1. Suppose 0*r + 3*f = r - 10, 4*f = -c. What is the remainder when 13 is divided by r?
1
Suppose 23 - 58 = -5*y. Let b(x) = -x**2 + 6*x + 6. Let t be b(6). Suppose 2*f + t = 4*f. What is the remainder when y is divided by f?
1
Let g = 12 - 7. What is the remainder when g is divided by 2?
1
Suppose -o - 167 = -5*h - 4*o, 5*h - o = 151. Let g = 11 + 6. Calculate the remainder when h is divided by g.
14
Let w = -597 - -606. Suppose -c + 5*f - 12 = -4*c, 0 = 5*f. Let y = 1 + c. What is the remainder when w is divided by y?
4
Let y = 80 + -46. Suppose 7*h + y = 8*h. What is the remainder when h is divided by 9?
7
Suppose -3*i + 9 = -4*n, -5*i + i + 12 = -n. What is the remainder when 53 is divided by (-14)/(-21) - (-40)/i?
11
Suppose -4*p = 4, 2*y - 5*p - 37 = 32. Calculate the remainder when 93 is divided by y.
29
Let t be (-3)/4*16/(-6). Let g(f) = -f**2 + f - 14. Let w be g(0). What is the remainder when 9 is divided by (w/6 + t)*-15?
4
Suppose 0 = 5*h + 5, 2*h = -3*n + 6*h + 85. Let v = 15 - 1. Let f = v + -7. Calculate the remainder when n is divided by f.
6
Let m be -4 + 12/4 + 5. Suppose m*j - y - 144 = 3*y, -100 = -3*j - y. What is the remainder when 66 is divided by j?
32
Let u = -22 - -36. What is the remainder when 37 is divided by u?
9
Let m(w) = -w**2 + 11*w - 1. What is the remainder when 60 is divided by m(9)?
9
Let a be (1/1)/((-2)/(-6)). Suppose 9 + a = z. Let x(r) = -r**3 + 5*r**2 + 4*r + 3. Calculate the remainder when x(4) is divided by z.
11
Let s = -2 - -6. Calculate the remainder when 3 + -10*(-4)/s is divided by 5.
3
Let w be (-10)/(-35) + (-24)/(-14). Let f = w + 0. Calculate the remainder when -3 - (-21 - f/(-1)) is divided by 6.
4
Let t = 62 - 48. What is the remainder when t is divided by 4?
2
Let f(x) = -4*x - 3*x**2 + x**3 - 3*x**2 + x**2 + 5. What is the remainder when f(6) is divided by 10?
7
Suppose -2*g - 2*g = -48. Suppose -2*j = -6*j - g, -j + 9 = -4*w. What is the remainder when 2/(-6) + (-13)/w is divided by 2?
0
Suppose 0 = -3*b + v + 78, -4*b = 4*v - 120 - 0. What is the remainder when b is divided by 14?
13
Suppose 5*u + 61 = 2*o, -2*u = -5*o + o + 162. Calculate the remainder when o is divided by 16.
11
Suppose o + 3*t = -0*t + 23, -8 = -4*t. Calculate the remainder when o is divided by 9.
8
Suppose -d + 29 = 8. Suppose d = 3*h - 12. Calculate the remainder when (-1)/((-1)/42*2) is divided by h.
10
Let i = -2 - -23. What is the remainder when i is divided by 13?
8
Let y be (3/6)/(4/24). Suppose 2*m - 4*j - 16 = 0, -5*m + y*j + 46 = -15. What is the remainder when m is divided by 8?
6
Suppose -2*k + 0*b + 4 = -3*b, 2*k - b - 8 = 0. What is the remainder when 7 is divided by k?
2
Suppose 0 = o - 0*o - 20. What is the remainder when 16 is divided by (72/o)/(2/5)?
7
Suppose -3*z = -0*z - 33. Calculate the remainder when z is divided by (-2 - -5)/((-6)/(-8)).
3
Let q be 1*-1 + 2 + -1. Suppose 0 = 5*y - 0*y - 2*k - 83, q = y - k - 19. Let w(r) = 4*r**2 - 3*r - 16. What is the remainder when w(-3) is divided by y?
14
What is the remainder when 85 is divided by ((-2)/4)/((-12)/1056)?
41
Let d = 607 - 588. Suppose -1 = 3*v - 103. Calculate the remainder when v is divided by d.
15
Let t be 8/6*(-9)/(-6). Suppose -20 = -t*m + m. What is the remainder when m is divided by 7?
6
Let p be 3/((-6)/4 + 0). Let c(x) = -x**2 - 10*x + 13. What is the remainder when c(-9) is divided by 6/p*(-16)/6?
6
What is the remainder when 12/(-66) + 24/(-33)*-25 is divided by 11?
7
Let k(m) = -2*m**3 - 2*m**2 - m - 2. Calculate the remainder when k(-2) is divided by (-1 + (-3)/2)*-2.
3
Suppose 28 = 5*j - 7. Let t(p) = p**3 - 6*p**2 - 7*p + 6. Let y be t(j). Calculate the remainder when 2/y + (-33)/(-9) is divided by 3.
1
Let n = -3 - -8. Let t = -3 + n. Calculate the remainder when 2 is divided by t.
0
What is the remainder when 56 is divided by 11 - (-7)/21*(1 - -2)?
8
Let c(u) = -3*u - 5. Let n = 7 + -2. Let s(o) = o**3 - 4*o**2 - 2*o + 4. Calculate the remainder when s(n) is divided by c(-5).
9
Suppose -4*i = -8*i + 220. Calculate the remainder when i is divided by 14.
13
Let q(v) = 2*v**2 + 7*v + 4. Let i(m) = -4*m**2. Let y be i(1). Let f = 27 - 5. Calculate the remainder when f is divided by q(y).
6
Suppose 0 = -2*t + 14 + 2. Calculate the remainder when 39 is divided by t.
7
Let z(a) = -9*a + 46. Calculate the remainder when 1 is divided by z(5).
0
Suppose 5*t + 4*f - 37 = 29, 5*t - 3*f - 73 = 0. Suppose 0 = -q + t. Calculate the remainder when 39 is divided by q.
11
Let j(k) = k + 1. Let a(i) = -i**2 + 2*i - 15. Let v(b) = a(b) + 6*j(b). Calculate the remainder when 3 is divided by v(6).
0
Suppose 28 + 16 = 4*i. Let w = -5 - -2. What is the remainder when i is divided by 3 - (w/(-3) - 2)?
3
Let d = -5 - -7. Suppose 4*v = -d*b + 162, -5*b + 285 = 5*v - 105. Suppose q - 7*a + 5*a = 30, a = 2*q - b. Calculate the remainder when q is divided by 14.
12
Suppose 4*a - 3*a - 24 = 0. Calculate the remainder when 46 is divided by a.
22
Let j = -13 + 14. Calculate the remainder when 3 is divided by j.
0
Let q(p) = p**2 - 5*p + 1. Let a be q(6). Suppose 0*j + j - 19 = 0. Let u = a + j. Calculate the remainder when u is divided by 14.
12
Let y = -107 + 136. Calculate the remainder when y is divided by 9.
2
Suppose 0*q + 20 = 2*q. Let h(o) = -6*o**3 - 2*o**2 + o. Let t be h(-2). Suppose -f + 3*f = t. Calculate the remainder when f is divided by q.
9
Let f = 25 - -131. Suppose 3*z - 4*w - f = -w, 2*z - 3*w = 104. Calculate the remainder when z is divided by 18.
16
Let w(s) = s**2 + s + 8. Suppose -o - 4*o = -40. Let y be 2/o + 2/(-8). What is the remainder when w(y) is divided by 3?
2
Let p = -11 + 16. Suppose a + 18 = f, p*a + 2 + 8 = 0. Suppose 8*s + k = 4*s + 184, 16 = 4*k. What is the remainder when s is divided by f?
13
Let w = 45 + -33. What is the remainder when 35 is divided by w?
11
Let g = 13 + -5. Let l = 4 - 2. Calculate the remainder when g is divided by (-65)/(-25) - l/(-5).
2
Suppose -2*y + 3*r + 83 = 0, -19 = -3*y - 5*r + 77. Calculate the remainder when 182 is divided by y.
34
Let u(z) = 2*z**2 - z. Let v be u(1). Let t = v - 1. Suppose n + t*n - 12 = 0. What is the remainder when 35 is divided by n?
11
Suppose 2*y = -5 + 35. Calculate the remainder when 37 is divided by y.
7
Let q(a) = a**3 - 1. Let c(x) = 3*x**3 - 9*x**2 - 9*x + 8. Let n(v) = c(v) - 2*q(v). What is the remainder when (-14)/(-49) + (-808)/(-14) is divided by n(10)?
18
Let a(q) = 6*q. Let z = 5 + -2. Suppose 2*f + f = -4*t + 15, 3*f + z = 2*t. What is the remainder when a(t) is divided by 10?
8
Suppose 9*x = 8*x + 15. Let t = 86 + -58. Calculate the remainder when t is divided by x.
13
Let k(r) = 165*r**3 + r**2 + 1. Calculate the